- 7041. Is (-8)/(-36) + s/27 + 2 prime?
True
Let i(b) = 10*b + 5*b**2 - 15*b - 11*b - 10 - 18*b. Let u(o) = -2*o**2 - 3*o + 14. Let v be u(3). Is i(v) a composite number?
False
Suppose -3*t = -5*t + 12. Let w be t - 9/((-18)/(-8)). Is ((-1)/(-5))/(1/w)*3635 a prime number?
False
Let d = 49125 + 1196. Is d composite?
False
Let i = -3705 + 26384. Is i prime?
True
Let r(g) be the third derivative of 94*g**5/15 - g**4/24 - 13*g**3/2 + 247*g**2. Is r(-4) a prime number?
True
Is 123/287 - ((-50516)/(-6))/((-7)/48) composite?
True
Let l(w) = 54*w**2 + 10*w - 40. Let o(m) = 52*m**2 + 11*m - 42. Let q(k) = -2*l(k) + 3*o(k). Is q(-21) prime?
True
Suppose 2*x - 4*c = 28406, -17*c + 1 = -18*c. Is x a composite number?
True
Let a(z) = 44*z**2 + 3*z + 9. Suppose 5*l = 8*l + 108. Let t = -40 - l. Is a(t) a composite number?
False
Suppose -12 = -4*t - 16*d + 18*d, 3*t = -4*d + 31. Suppose -9*j - 13549 = -11*j + 3*b, 5*b = -t. Is j composite?
True
Suppose -5*d - 2*r = -1969955, 10 = -287*r + 289*r. Is d composite?
False
Suppose -p + 2246 - 11276 = 5*j, -3*j + 45122 = -5*p. Let q = 15396 + p. Is q a composite number?
True
Let h = -8171 + 97764. Is h a composite number?
True
Let l = 13879 + 2614. Is l composite?
False
Let q(n) = 452*n**3 - 3*n**2 + n. Let y be q(1). Suppose 2*o + 28 = y. Is o a composite number?
False
Let o(w) = -7 - 53*w**3 - w**2 + 8*w**2 + 10. Is o(-5) a prime number?
True
Suppose 65 = 5*s - 5*r - 0*r, 7 = 3*s + 5*r. Is 3*5/5*33477/s a prime number?
True
Suppose 6*u + 20 = 4*u. Let w(a) = -19*a + 30. Let b be w(u). Is 7/((-35)/b)*46/(-8) composite?
True
Suppose 4*o = -d + 272, 2*d = -2*o + 6*o + 508. Is 830388/d - (1 - 6/5) a prime number?
False
Suppose l = 3, -438588 = 217*n - 220*n - 3*l. Is n prime?
False
Let o(q) be the third derivative of q**6/60 - q**5/5 + q**4/24 - q**3/2 - 10*q**2. Let n be o(8). Suppose -4*t - 3*g + 0*g + 1019 = 0, -2*g = t - n. Is t prime?
True
Let r(b) = -4*b**2 - 140*b + 51. Let z be r(-33). Suppose 2*s - 5*l = 1285, 2*l = -3*s + 726 + 1249. Suppose -5*x + s = -z. Is x prime?
False
Is (1986957/(-14) - 4)*(-2)/1 a prime number?
True
Suppose 13*s - 24533 = -93. Let p = s - -4577. Is p prime?
False
Let d be (1846/65)/((-2)/(-280)). Suppose -4*p = -2291 - 3009. Let f = d - p. Is f prime?
False
Suppose -2*q - 5*d = 6, 4*q + 5*d + 1 = -1. Let c(b) be the second derivative of 36*b**3 - 13*b**2/2 + 162*b. Is c(q) prime?
True
Let o(n) = -n**3 + 7*n**2 + 16*n - 11. Let q = -175 + 167. Is o(q) a prime number?
True
Let x = 1081 + 961. Suppose 6*y - 7088 = -x. Is y prime?
False
Is (-15 - (-97090040)/260)*(6 - -7) prime?
True
Let q = -29 - -31. Let g(t) = -9*t + 9*t**2 + 5 - q*t - 3*t**3 - 1 + 2*t**3. Is g(7) a composite number?
True
Suppose -69*m = -151*m + 80*m + 797198. Is m a composite number?
True
Suppose -21280*u + 34107 = -21277*u. Is u a composite number?
False
Suppose 0 = -129*h + 137*h - 269336. Is h a prime number?
False
Let d be (-8)/(-52) - 76/(-13). Suppose v - 9 = 2*o, -2*o + d = 5*v + 33. Let h(c) = -5*c**3 + 10*c**2 + 15*c + 11. Is h(o) a composite number?
False
Suppose -8*i + 23 = 7. Suppose -i*z + 2*m - 40 = 2*z, 2*z = -4*m - 10. Let b = z - -52. Is b prime?
True
Let a = -9 - -19. Let g = a - -43. Suppose -3*h = -3*t + 570, t + g - 228 = -4*h. Is t a composite number?
True
Let h(a) = -160*a + 14. Let w be 16*8/(96/(-15)). Is h(w) prime?
False
Let u(k) = -3*k**3 + 12*k**2 + k - 2. Let q be u(9). Let g = 4015 + q. Is g a composite number?
True
Let d = -2779 + 14876. Is d a prime number?
True
Let j(k) = -26*k + 42. Let l be j(2). Is (-4660)/l*(0 - (-2)/4) a prime number?
True
Let l = -1319 - 400. Let s = 4300 - l. Suppose -5*j = 1514 - s. Is j composite?
True
Suppose -z - 3*z = j - 20, -j + 8 = z. Suppose -4*k + 1216 = -0*t + 3*t, -z*t - 2*k + 1618 = 0. Suppose -l = l - t. Is l a composite number?
True
Is (21174 - (-5)/(-5)) + 3 + 5 a prime number?
False
Suppose -3*p + 37 - 21 = -w, 2*w + 17 = 3*p. Suppose 5*l - 64651 = -p*k + 7*l, -5*l + 25843 = 2*k. Is k prime?
False
Let z(s) = 42*s - 4*s + 5 - 9 + 53*s + 1. Let u(o) = -o**2 + o + 10. Let c be u(0). Is z(c) a prime number?
True
Suppose v = 6*r + 44243, -2*v + 51784 + 36710 = -4*r. Is v a prime number?
True
Suppose -334*z + 330*z + 16 = 0. Suppose 3*a = -r + 134, -3*r = -z*a + 2*r + 147. Is a composite?
False
Let a(n) = 54299*n**2 + 14*n + 13. Is a(-2) a prime number?
False
Let q = -168 + 162. Let r(g) = -2*g**3 - 6*g**2 - 18*g - 21. Is r(q) a composite number?
True
Is 4040/505 - (3/3 + 16*-86006) a prime number?
False
Let o(q) = 9301*q - 1892. Is o(9) a composite number?
False
Suppose 6*m = 75*m - 6826424 - 23557933. Is m a prime number?
False
Let r(b) = -8*b**3 + 15*b**2 + 17*b + 18. Let h be (20 - (-18)/3)*(-1)/(-2). Let l be r(h). Let s = -6743 - l. Is s a prime number?
True
Let k = 3651 + 6430. Is k composite?
True
Let r(w) be the first derivative of 133*w**2 - 75*w + 72. Is r(5) prime?
False
Let t be (1510/30)/(1/618). Suppose 5*y - t = 9129. Is y composite?
True
Let l = 29006 + -18611. Let o = l + -7316. Is o composite?
False
Suppose -6599147 = -73*c + 7049590. Is c a prime number?
False
Let d(c) = 93873*c - 1902. Is d(3) prime?
False
Let s be (182/(-35))/1*-30. Suppose 0 = -s*f + 154*f + 746. Is f a composite number?
False
Suppose -62*o + 323456 = -43*o - 9741357. Is o a prime number?
False
Suppose -3*v + 66 = -51. Let a = v + -266. Let g = 3238 + a. Is g a composite number?
False
Let k be (-1 - (5 + -5))*-11. Let h be (-3296)/(-12)*9/2. Suppose -k*d = -5*d - h. Is d a prime number?
False
Let t = -18 + 20. Suppose 6*q - t = 28. Suppose q*x - 5*g - 667 = -g, -3*x + 387 = 2*g. Is x a composite number?
False
Let z = 231257 + -68436. Is z a prime number?
True
Suppose -2*u - 1122 = 2*y, 5*u - 12 = y + 525. Let m(x) = 489*x**2 + 2*x + 2. Let i be m(-2). Let k = i + y. Is k prime?
False
Suppose 2*q - 2*f = 4672, 4*q - 3*q = 4*f + 2324. Let x = q - -1351. Is x a composite number?
False
Suppose -5*m + 2*x = -14327 - 20976, -3*m = 5*x - 21188. Is m composite?
True
Let v(l) = 2591*l**2 - 265*l - 2509. Is v(-10) prime?
False
Let b be (2 - 1)*(630 - -1). Suppose -7425 - 13845 = -15*q. Suppose b = 3*x - q. Is x a prime number?
True
Let p(g) = 2*g**2 - 3*g - 1. Let x be p(-1). Is (18 + -16)*(13990/x)/5 a prime number?
True
Suppose -3*x + 196*n - 198*n + 38137 = 0, -4*n = -20. Is x prime?
False
Suppose l = w + 5, 0*w - w = -5*l + 45. Suppose l*h - h = 27. Suppose -4*t = -2*i + 790, 124 = 3*i - h*t - 1064. Is i prime?
True
Let h(u) = 67018*u**2 - 13*u - 28. Is h(-3) a composite number?
False
Let d(o) = 13*o**3 - 5*o**2 - 9*o - 4. Let k be d(-5). Let i = 1494 - k. Is i a prime number?
True
Suppose -2*p = -0*p + 2. Let m be (-10 - -8)/(1/p). Suppose -2*t = t - 9, 0 = -n + m*t + 413. Is n composite?
False
Suppose -2345*c + 4007443 = -4690*c + 2356*c. Is c a prime number?
True
Suppose 20*k = -125*k + 33359640 - 10924805. Is k a prime number?
True
Suppose 0 = -127*a + 14*a + 285391 + 917268. Is a a prime number?
False
Suppose -4*n = -o + 35 + 28, -4*n - 213 = -3*o. Let t be ((-22)/(-3))/(1/3). Let h = t + o. Is h a prime number?
True
Let m = 97198 - 30237. Is m composite?
True
Suppose -2*v + 3*l - 4*l + 29763 = 0, 3*l = 4*v - 59511. Suppose -157 = -11*x + v. Is x a composite number?
False
Let x(t) = -493*t**3 - 2*t**2 - 12*t - 106. Is x(-5) prime?
False
Let u(v) = 2 - 120*v - 273*v - 159*v - 17*v. Is u(-3) a composite number?
False
Suppose -4*c = 2*n - 18 - 56, 5*c = n + 103. Suppose 2*v = 2*k - 794, 4*v + c = -0*v. Let j = k - 51. Is j a prime number?
False
Let t = -2087 + 3523. Let a be 5*6/(-39)*-13. Is (a/20)/(2/t) prime?
True
Let t = 8053 + 63741. Is t composite?
True
Let a(h) = 2*h**2 + 3*h**2 - 94 - 27*h + 237 - h**2. Is a(24) a composite number?
True
Let n(w) = 250*w**3 + 41*w**2 - 166*w + 393. Is n(16) a composite number?
False
Let v = 7420 - 1076. Let q = v + -3582. Is q composite?
True
Let s = -290 - -292. Is -2159*((-4)/12 + s/(-3)) composite?
True
Let s(x) = x**2. Let z(o) = 7*o**2 + 7*o - 6. Let a(k) = 6*s(k) - z(k). Let d be a(-6). Let y(u) = 39*u - 29. Is y(d) composite?
False
Let q(j) be the first derivative of 85*j**2/2 + 55*j + 13. Let k(c) = 127*c + 82. Let r(y) = -5*k(y) + 7*q(y). Is r(-11) composite?
True
Let p(m) = 92*m**2 + 4*m - 7. Let a = -8 + 